101201
What is 580 (base 14) in base 9?
1443
-101011101001001 (base 2) to base 10
-22345
11010000001 (base 2) to base 4
122001
12122 (base 3) to base 11
129
1000111010011011 (base 2) to base 10
36507
What is -1321 (base 11) in base 16?
-6b5
-8b10 (base 12) to base 6
-155220
154 (base 11) to base 5
1210
1994 (base 11) to base 2
100111011011
-657 (base 11) to base 14
-404
-bee (base 15) to base 7
-10604
-1001110101111 (base 2) to base 11
-3871
What is -1000202 (base 3) in base 12?
-525
Convert -1120212202 (base 3) to base 5.
-2000014
754 (base 12) to base 15
4b7
Convert -10000100111 (base 2) to base 13.
-63a
-97 (base 16) to base 12
-107
What is 10011000011001100 (base 2) in base 4?
103003030
-2342 (base 7) to base 12
-5bb
Convert 576 (base 8) to base 5.
3012
Convert -1569 (base 14) to base 10.
-3817
864 (base 16) to base 11
1683
What is 3370 (base 10) in base 6?
23334
What is -12212 (base 4) in base 15?
-1d2
What is -54232 (base 7) in base 4?
-3102322
What is 8dd1 (base 14) in base 4?
12001223
9509 (base 11) to base 2
11000100110001
What is -122211220 (base 3) in base 7?
-52635
1202122 (base 3) to base 14
67c
5328 (base 11) to base 10
7048
6983 (base 10) to base 2
1101101000111
Convert 113140 (base 5) to base 12.
24b6
Convert -111000010001 (base 2) to base 6.
-24401
What is -150333 (base 6) in base 16?
-3831
Convert -1032320 (base 4) to base 14.
-1ba8
What is 7876 (base 12) in base 6?
141430
What is 37321 (base 8) in base 6?
202241
Convert 102356 (base 7) to base 11.
12314
Convert -38615 (base 9) to base 11.
-18600
Convert -11210 (base 4) to base 6.
-1352
What is 14012 (base 6) in base 4?
201320
-155a (base 14) to base 6
-25340
Convert -51c (base 16) to base 15.
-5c3
-2120122 (base 3) to base 5
-30010
Convert 110000110011 (base 2) to base 12.
1983
Convert 221 (base 16) to base 5.
4140
Convert 104342 (base 5) to base 6.
25122
Convert 101111101111 (base 2) to base 9.
4164
What is 5045 (base 10) in base 2?
1001110110101
What is 59a0 (base 12) in base 7?
41214
What is -1009 (base 15) in base 10?
-3384
What is -21202210 (base 3) in base 9?
-7683
What is -9264 (base 11) in base 12?
-7143
Convert -2040 (base 5) to base 10.
-270
What is -353 (base 7) in base 6?
-505
-40715 (base 8) to base 13
-788a
-5271 (base 11) to base 9
-10510
Convert 3d9a (base 16) to base 2.
11110110011010
What is 1054 (base 7) in base 13?
235
What is 1000100111 (base 2) in base 11?
461
-2040 (base 5) to base 7
-534
-a108 (base 15) to base 12
-177bb
7363 (base 12) to base 16
313b
-30112 (base 6) to base 8
-7534
-3218 (base 11) to base 12
-2566
What is 12221302 (base 4) in base 16?
6a72
What is -4837 (base 16) in base 2?
-100100000110111
Convert -7616 (base 9) to base 5.
-134404
What is 10857 (base 9) in base 13?
33c7
Convert 22140 (base 5) to base 13.
91b
79493 (base 10) to base 2
10011011010000101
What is -9347 (base 12) in base 5?
-1003124
-31b7 (base 14) to base 12
-4b79
-285 (base 16) to base 6
-2553
a453 (base 11) to base 3
201000001
Convert 622 (base 9) to base 10.
506
What is -27a3 (base 13) in base 8?
-13116
14ec (base 16) to base 10
5356
-31244 (base 5) to base 16
-81a
-d8 (base 15) to base 2
-11001011
What is 6265 (base 12) in base 14?
3ca9
What is 257 (base 14) in base 13?
2a1
What is -1ac4 (base 13) in base 8?
-7717
Convert 65c (base 13) to base 3.
1111102
-851 (base 16) to base 3
-2220212
What is -35144 (base 6) in base 14?
-1b96
What is -5225 (base 7) in base 5?
-24312
-110010000 (base 2) to base 13
-24a
Convert -3881 (base 9) to base 6.
-21244
-1225 (base 7) to base 10
-460
What is -178 (base 10) in base 2?
-10110010
Convert 9409 (base 12) to base 11.
11140
What is d164 (base 15) in base 11?
30227
Convert c7c (base 13) to base 8.
4123
What is 220102102 (base 3) in base 16?
458c
Convert -2046 (base 14) to base 9.
-7546
What is 41100 (base 6) in base 4?
1110330
-413 (base 10) to base 5
-3123
Convert -50 (base 9) to base 15.
-30
Convert 144225 (base 6) to base 7.
55364
What is 111100000 (base 2) in base 10?
480
What is -2c6 (base 16) in base 5?
-10320
What is 63 (base 13) in base 3?
10000
110231 (base 4) to base 5
20300
872 (base 16) to base 4
201302
16c0 (base 13) to base 6
23331
Convert 1812 (base 9) to base 10.
1388
What is 25046 (base 9) in base 5?
1014214
What is 10000010110001001 (base 2) in base 7?
366125
Convert 10036 (base 7) to base 9.
3287
What is -22404 (base 6) in base 14?
-1228
What is -3339 (base 11) in base 15?
-1483
-25164 (base 8) to base 16
-2a74
What is 110100 (base 2) in base 10?
52
Convert -15421 (base 6) to base 5.
-40113
16392 (base 10) to base 7
65535
What is 3f (base 16) in base 7?
120
What is 38 (base 10) in base 4?
212
1101101 (base 2) to base 9
131
1692 (base 14) to base 7
14542
3737 (base 9) to base 7
11062
Convert 1979 (base 15) to base 16.
158a
Convert -4244 (base 5) to base 7.
-1450
What is 10023 (base 6) in base 4?
110133
6404 (base 13) to base 10
13862
What is -1389 (base 11) in base 14?
-91d
Convert -65 (base 12) to base 13.
-5c
-2a5e (base 15) to base 8
-21601
Convert -101100 (base 3) to base 13.
-186
What is -2784 (base 10) in base 13?
-1362
Convert 58a (base 16) to base 8.
2612
-5a57 (base 15) to base 16
-4b07
18473 (base 11) to base 5
1311403
6151 (base 7) to base 4
201133
What is -2423024 (base 5) in base 6?
-550045
What is -11000011000100 (base 2) in base 12?
-7284
What is 51 (base 15) in base 2?
1001100
Convert 1280 (base 10) to base 6.
5532
-102020200 (base 3) to base 2
-10000000000111
What is -123a7 (base 11) in base 2?
-100010101110111
Convert 1250 (base 13) to base 3.
10120022
What is -44431 (base 6) in base 5?
-144321
-3157 (base 10) to base 4
-301111
1120121 (base 3) to base 6
5154
Convert -1243444 (base 5) to base 12.
-1248a
What is 1100001010101 (base 2) in base 16?
1855
5aad (base 14) to base 11
10994
-195a (base 13) to base 16
-ed1
-36173 (base 8) to base 14
-58dd
Convert 4d (base 14) to base 6.
153
Convert 12a1 (base 14) to base 8.
6315
Convert 620 (base 7) to base 11.
260
7a85 (base 15) to base 8
62620
-131b (base 14) to base 2
-110100011101
Convert -2952 (base 10) to base 15.
-d1c
Convert -240a (base 11) to base 15.
-e06
-2b1 (base 15) to base 13
-385
Convert -21258 (base 9) to base 12.
-8182
Convert -1865 (base 9) to base 15.
-65b
Convert 13210131 (base 4) to base 7.
156252
723 (base 11) to base 5
11442
100132012 (base 4) to base 13
24925
Convert -29a (base 16) to base 5.
-10131
Convert -29 (base 10) to base 13.
-23
Convert -125664 (base 7) to base 11.
-16863
Convert -19a (base 16) to base 11.
-343
-12011 (base 3) to base 8
-213
1231034 (base 5) to base 11
16a52
-15cb (base 15) to base 10
-4691
What is 2183 (base 15) in base 9?
10656
What is -2a7d (base 14) in base 12?
-445b
-3222210 (base 5) to base 15
-11305
-124401 (base 6) to base 3
-120121101
27706 (base 8) to base 10
12230
12133031 (base 4) to base 14
9981
What is 1051 (base 14) in base 16?
aff
What is 11100011 (base 2) in base 8?
343
Convert 2931 (base 11) to base 7.
14015
Convert -21532 (base 8) to base 11.
-6888
-330202 (base 4) to base 5
-110444
Convert c79 (base 14) to base 5.
34314
Convert -746 (base 9) to base 12.
-429
Convert -101221 (base 3) to base 12.
-207
What is -133 (base 13) in base 12?
-157
1a1 (base 16) to base 12
2a9
Convert 41446 (base 9) to base 4.
12223023
-1533 (base 6) to base 12
-2a9
52 (base 9) to base 7
65
111022112 (base 3) to base 16
25eb
What is -2433 (base 8) in base 7?
-3545
What is 4469 (base 10) in base 16?
1175
Convert -674 (base 14) to base 16.
-4fe
What is 139 (base 10) in base 16?
8b
Convert 1960 (base 10) to base 8.
3650
-588 (base 10) to base 7
-1500
Convert 10000011011 (base 2) to base 12.
737
Convert -bd8 (base 14) to base 12.
-1436
22110211 (base 3) to base 16
1822
What is 522420 (base 6) in base 9?
63623
What is 14114 (base 5) in base 12?
807
What is -7ce1 (base 16) in base 6?
-404001
What is 30042 (base 8) in base 12?
716a
4a39 (base 11) to base 16
19b0
Convert -2311103 (base 4) to base 3.
-120220202
Convert -7000 (base 9) to base 7.
-20610
What is 10662 (base 7) in base 5?
41424
-11010011012 (base 3) to base 2
-10011110010001000
Convert -1000001010 (base 2) to base 4.
-20022
What is 2c24 (base 16) in base 12?
6658
What is -25044 (base 8) in base 4?
-2220210
Convert 21120 (base 4) to base 3.
211020
Convert 1